b?
7
Suppose 1 = 4*w - 2*s - 27, 0 = 2*w + 4*s - 4. Let h be ((-20)/(-30))/(4/w). What is the highest common factor of h and 9?
1
Suppose 5*n + 41 = 6*n. Calculate the highest common factor of n and 164.
41
Let m be (0/(4/(-2)))/(-2). Suppose 4*k = -k - 4*h - 56, k + 3*h + 20 = m. Let g be 2/k - (-970)/8. Calculate the greatest common divisor of 11 and g.
11
Let r(z) = -2*z + 11. Let k be r(-15). Suppose 3*x - k = 1. What is the highest common divisor of x and 70?
14
Let g be (-9)/(-63) + 110/14. What is the greatest common factor of g and 88?
8
Let g be (-3)/(-1) - (6 - 6). Let d = 10 - g. What is the greatest common divisor of d and 35?
7
Suppose 259 = 4*k - 121. Let x(q) = 36*q - 3 + 5 + 3*q - 3. Let s be x(1). What is the greatest common divisor of k and s?
19
Let b(k) = -2*k - 4. Let a be b(-4). Let g be (-126)/(-3)*a/6. Calculate the highest common factor of 112 and g.
28
Let k be (-21)/(-9) + 4/(-12). Let n = 53 - 15. Suppose -n + 14 = -4*l. What is the highest common factor of l and k?
2
Let l(s) = s**3 + 17*s**2 - 17*s + 33. Let t be l(-16). What is the highest common factor of 51 and t?
51
Let p(q) = -q**2 + 6*q + 9. Let j be p(7). Suppose 2*l - 3*s - 36 = 2*s, -90 = -5*l - j*s. Calculate the greatest common factor of l and 162.
18
Let r be 0 - 2/1 - -2. Suppose -2*o + r = -s - 1, -2*s = 4*o - 6. Suppose 4 = 2*b + 2. Calculate the greatest common divisor of b and o.
1
Suppose 4 - 13 = -9*s. What is the highest common divisor of 8 and s?
1
Let f = 69 - 29. What is the highest common divisor of f and 5?
5
Suppose -2*m + 4*g = -42 - 22, -2*g = -4. Calculate the greatest common factor of m and 4.
4
Suppose -2*c = -2 - 2. Suppose c*l = -3*l + 20, 4*b = 5*l. Suppose 5*q - b*v - 15 = -0*v, -q = 5*v - 15. What is the highest common factor of q and 55?
5
Suppose -3*x - 2 = -4*a - 15, 0 = 2*x - 4*a - 6. What is the greatest common divisor of 21 and x?
7
Let v(g) = 4*g + 2. Let y be v(7). Suppose -5*f - m - 3*m = -245, -2*f - 5*m = -115. What is the highest common divisor of y and f?
15
Let q = -23 - -53. Calculate the greatest common divisor of 20 and q.
10
Let b(z) = z**2 + z - 11. Let s be b(-9). Let h = s - 34. Calculate the greatest common factor of 9 and h.
9
Let l = 4 + -4. Let z(x) = x**3 - x**2 + 5. Let q be z(l). Suppose -q*w - 2*d + 60 - 5 = 0, -4*w - 3*d = -51. What is the greatest common divisor of 6 and w?
3
Let n = 68 + -41. Suppose -v - 5*f - 16 = 0, -v + 1 = 2*f + 2. Calculate the greatest common factor of v and n.
9
Let c = -14 - -16. Suppose y + 0 = c. What is the greatest common divisor of 3 and y?
1
Suppose 0 = 5*i - 72 - 18. What is the highest common factor of 6 and i?
6
Let q = 27 - 14. Calculate the highest common factor of 117 and q.
13
Let m be (10/1)/((-6)/(-3)). Let w be (m + -1)*(-198)/(-8). What is the highest common divisor of w and 66?
33
Let o = -1 - 23. Let t be -40*(-2 + o/(-15)). Suppose -5*k = -i - 45, -k - i - 21 = -3*k. What is the greatest common divisor of k and t?
8
Let a(k) = 3*k**2 + k + 60. Let q be a(0). Let m be (-18)/5*(-30)/9. What is the highest common factor of q and m?
12
Let u(h) = 2*h + 20. Let d be u(-1). Calculate the greatest common divisor of d and 45.
9
Suppose -3*r = 4*m - 32, 5*r + 18 = -3*m + 86. Calculate the greatest common factor of 112 and r.
16
Suppose 0 = 2*j - 4*j - 6. Let d = j - -15. Suppose -3 = -3*r + 3, 4*r = -2*u + d. Calculate the highest common divisor of 18 and u.
2
Let k be (-208)/4*55/(-20). What is the greatest common factor of k and 13?
13
Suppose -3*o - 2*j + 314 = 0, 373 + 44 = 4*o + 3*j. Calculate the highest common factor of 18 and o.
18
Let k = 90 - 15. Suppose 2*o = -o + 4*f - 20, 3*f = -3*o - 27. Let q = 23 + o. What is the highest common divisor of q and k?
15
Let k(b) = 16*b**2 - 5*b + 6. Let v be k(2). Calculate the highest common factor of v and 12.
12
Let f be (44/16 + -2)/(2/16). Calculate the greatest common divisor of 15 and f.
3
Suppose 0 + 2 = c. Let z be c - -16 - (-1 + 2). Calculate the highest common factor of z and 119.
17
Suppose 5*y + 46 = -3*m, -3*y - 3*m = 30 - 6. Let n = y + 3. Let w be ((-17)/(-2))/((-2)/n). Calculate the greatest common divisor of w and 17.
17
Let j = -4 - -14. Suppose -5*b - 19 = -3*s, 0 = 3*s - s - 2*b - j. Suppose s*h = -5 + 35. What is the greatest common factor of 4 and h?
2
Let h(n) = 2*n**3 - 11*n**2 - n + 9. Let i be h(6). Calculate the highest common divisor of i and 13.
13
Let g be (-2)/(-7) - (-12)/7. Suppose -g*o + 80 = -o. Let i(q) = q**2 + 8*q + 10. Let f be i(-8). What is the greatest common factor of f and o?
10
Let c(w) = 19*w - 109. Let x be c(7). Calculate the greatest common divisor of x and 168.
24
Suppose -t - 33 = 2*q, 104 = -4*t + q + 17. Let d = 38 + t. Suppose -d = 2*y - 37. What is the highest common factor of y and 22?
11
Let k = 48 + -26. Let q(h) = 5 + 2 + h - 1. Let t be q(5). Calculate the greatest common divisor of t and k.
11
Let u(a) = a - 1. Let i be u(3). Suppose -w + 12 = n - 4*w, -3 = -3*n - i*w. Suppose 0 = -0*t + n*t - 12. Calculate the greatest common factor of t and 36.
4
Let n(t) = t**3 - 6*t**2 + t - 1. Let k be n(6). Suppose 6*q - 20 = k*q. What is the greatest common divisor of q and 160?
20
Suppose 2 = -u + 4. Suppose -2*r + 13 = -23. What is the highest common divisor of u and r?
2
Suppose 3*g + 3*x = 126, 0*g = 5*g + 3*x - 206. Calculate the highest common divisor of g and 8.
8
Let m(k) = 16*k - 2. Let g be m(2). Let z = -2 + 4. Suppose 2*b - 22 = -z*j, 2*b + j = -2*j + 21. Calculate the greatest common divisor of b and g.
6
Suppose 1 = 3*v + 16. Let m be ((-2)/v)/((-3)/(-165)). What is the greatest common divisor of 22 and m?
22
Suppose -5*k - g - 15 = 2*g, 0 = -g. Let y(b) = -2*b - 4. Let i be y(k). Let x be 8 + (2 - 0)/i. What is the greatest common factor of x and 9?
9
Suppose 0 = -2*v - 2 + 144. Let o(y) = -y**2 - 8*y - 8. Let x be o(-6). Let a be v/4 - (-1)/x. What is the greatest common factor of a and 2?
2
Let k(d) = 2*d**2 - 3*d + 8. Let j be k(4). What is the highest common factor of 70 and j?
14
Let i(z) = -z - 21. Let a be i(-27). What is the highest common factor of a and 24?
6
Suppose -4*g + 365 = 3*r, 2*g - 6*g = 2*r - 246. Suppose 2*v - r = 97. What is the greatest common factor of 27 and v?
27
Let z be 22/1 + (-14 - -12). Suppose 908 - 281 = 3*s. Suppose -2*u + s = -3*i, -u + 5*i = -40 - 75. What is the highest common factor of u and z?
20
Let d = 34 + 31. Let m(z) = -7*z - 9. Let s be m(-5). Calculate the highest common divisor of s and d.
13
Let k = 269 + -182. What is the highest common factor of k and 58?
29
Suppose 17 = g - 4*k + 3*k, -g + 2 = -4*k. Let h = 3 + g. Let r = -179 + 189. What is the highest common divisor of h and r?
5
Let a = -5 + 45. Calculate the highest common divisor of 8 and a.
8
Let v(b) = 3*b**3 - b**2 - 2*b - 1. Let c be v(2). Suppose c - 111 = -2*t. What is the greatest common divisor of t and 12?
12
Let c(i) = -60*i. Suppose -b = -2 - 0. Suppose b*w + 1 = w. Let k be c(w). What is the greatest common divisor of k and 12?
12
Let a = -11 + 19. Let x(d) = -21*d - 2. Let c be x(-4). Suppose 5*s - 365 = -w, -3*s - 2*w + c = -2*s. Calculate the highest common factor of a and s.
8
Suppose 18 = 4*y - 5*z - 29, -4*z = -2*y + 22. What is the greatest common factor of y and 65?
13
Suppose 5*m = -5*d - 215, -2*m = 4*d - 25 + 105. Let h = -27 - m. Let j = 37 - h. Calculate the greatest common factor of 27 and j.
9
Let f(l) = 11*l. Let w be f(2). Suppose -4*p = -110 + w. Calculate the greatest common factor of p and 11.
11
Let f be (-1)/(-2) - (-11)/2. Let h(x) = 9*x**2 - 2 - f*x + 2*x - 6 - x**3. Let u be h(8). What is the highest common divisor of 6 and u?
6
Let p = 17 - -1. Let t(w) = w**3 - 6*w**2 + 3*w - 3. Let y be t(5). Let a = y + p. What is the highest common factor of a and 5?
5
Let v = -3 + 8. Suppose -v*p + 4 = -1. Let g be 7 + 4*2/4. What is the highest common factor of p and g?
1
Suppose l = -l. Suppose -4*n + 2*w + 62 = 0, 5*n + l*w - 4*w = 79. Calculate the greatest common divisor of n and 5.
5
Suppose 33 = u - 27. Suppose -3*t = 2*w - u, -w - t = -4*t - 30. What is the highest common divisor of 15 and w?
15
Let n = 15 + -5. Let c(s) = s**2 - 4*s + 3. Let b be c(6). Calculate the highest common divisor of n and b.
5
S